{"id":2769,"date":"2013-07-01T09:25:42","date_gmt":"2013-07-01T07:25:42","guid":{"rendered":"http:\/\/www.scuderiagrischa.ch\/wordpress\/?page_id=2769"},"modified":"2013-11-25T08:48:40","modified_gmt":"2013-11-25T07:48:40","slug":"allau-orient-rallye-2013","status":"publish","type":"page","link":"https:\/\/www.scuderiagrischa.ch\/wordpress\/?page_id=2769","title":{"rendered":"All\u00e4u-Orient Rallye 2013"},"content":{"rendered":"<p>Die B\u00f6cke der ScuderiaGrischa sind als <strong>Team 96<\/strong> am\u00a0<strong>Samstag, 27.04.2013 in Oberstaufen, Allg\u00e4u<\/strong> in Richtung Jordanien losgefahren.<\/p>\n<p>Inzwischen sind alle wieder heil und voller Eindr\u00fccke zuhause angekommen.<\/p>\n<p>Herzlichen Dank f\u00fcr alle Kommentare und Feedback!<\/p>\n<p>&nbsp;<\/p>\n<h2>Hier unsere Erlebnisse findet ihr unter<\/h2>\n<h2><strong>\u201c<span style=\"color: #ff6600;\"><a title=\"Der Reisebericht\" href=\"http:\/\/orient.scuderiagrischa.ch\/\" target=\"_blank\"><span style=\"color: #ff6600;\">ScueriaGRischa goes Orient<\/span><\/a><\/span>\u201c<\/strong><\/h2>\n<p>&nbsp;<\/p>\n<p>Neben den Fotoos gibt es auch einen Film von unserem Abenteuer:<\/p>\n<div style=\"width: 604px;\" class=\"wp-video\"><!--[if lt IE 9]><script>document.createElement('video');<\/script><![endif]-->\n<video class=\"wp-video-shortcode\" id=\"video-2769-1\" width=\"604\" height=\"340\" preload=\"metadata\" controls=\"controls\"><source type=\"video\/mp4\" src=\"http:\/\/orient.scuderiagrischa.ch\/Orient_Film.mp4?_=1\" \/><a href=\"http:\/\/orient.scuderiagrischa.ch\/Orient_Film.mp4\">http:\/\/orient.scuderiagrischa.ch\/Orient_Film.mp4<\/a><\/video><\/div>\n<p>&nbsp;<\/p>\n<p>&nbsp;<\/p>\n<p>&nbsp;<\/p>\n<p>&nbsp;<\/p>\n","protected":false},"excerpt":{"rendered":"<p>Die B\u00f6cke der ScuderiaGrischa sind als Team 96 am\u00a0Samstag, 27.04.2013 in Oberstaufen, Allg\u00e4u in Richtung Jordanien losgefahren. Inzwischen sind alle wieder heil und voller Eindr\u00fccke zuhause angekommen. Herzlichen Dank f\u00fcr alle Kommentare und Feedback! &nbsp; Hier unsere Erlebnisse findet ihr unter \u201cScueriaGRischa goes Orient\u201c &nbsp; Neben den Fotoos gibt es auch einen Film von unserem &hellip; <a href=\"https:\/\/www.scuderiagrischa.ch\/wordpress\/?page_id=2769\" class=\"more-link\"><span class=\"screen-reader-text\">All\u00e4u-Orient Rallye 2013<\/span> weiterlesen <span class=\"meta-nav\">&rarr;<\/span><\/a><\/p>\n","protected":false},"author":1,"featured_media":0,"parent":3476,"menu_order":0,"comment_status":"open","ping_status":"open","template":"page-full.php","meta":{"footnotes":""},"class_list":["post-2769","page","type-page","status-publish","hentry"],"_links":{"self":[{"href":"https:\/\/www.scuderiagrischa.ch\/wordpress\/index.php?rest_route=\/wp\/v2\/pages\/2769","targetHints":{"allow":["GET"]}}],"collection":[{"href":"https:\/\/www.scuderiagrischa.ch\/wordpress\/index.php?rest_route=\/wp\/v2\/pages"}],"about":[{"href":"https:\/\/www.scuderiagrischa.ch\/wordpress\/index.php?rest_route=\/wp\/v2\/types\/page"}],"author":[{"embeddable":true,"href":"https:\/\/www.scuderiagrischa.ch\/wordpress\/index.php?rest_route=\/wp\/v2\/users\/1"}],"replies":[{"embeddable":true,"href":"https:\/\/www.scuderiagrischa.ch\/wordpress\/index.php?rest_route=%2Fwp%2Fv2%2Fcomments&post=2769"}],"version-history":[{"count":6,"href":"https:\/\/www.scuderiagrischa.ch\/wordpress\/index.php?rest_route=\/wp\/v2\/pages\/2769\/revisions"}],"predecessor-version":[{"id":3717,"href":"https:\/\/www.scuderiagrischa.ch\/wordpress\/index.php?rest_route=\/wp\/v2\/pages\/2769\/revisions\/3717"}],"up":[{"embeddable":true,"href":"https:\/\/www.scuderiagrischa.ch\/wordpress\/index.php?rest_route=\/wp\/v2\/pages\/3476"}],"wp:attachment":[{"href":"https:\/\/www.scuderiagrischa.ch\/wordpress\/index.php?rest_route=%2Fwp%2Fv2%2Fmedia&parent=2769"}],"curies":[{"name":"wp","href":"https:\/\/api.w.org\/{rel}","templated":true}]}}